3 + 15*w**2 + 71*w - 659. Give x(17).
-30
Let x(j) = -37*j**2 + 154*j - 10. Calculate x(4).
14
Let d(g) = -75*g - 69. Give d(-3).
156
Let x(f) = 10*f**2 + 309*f + 37. Determine x(-31).
68
Let w(m) = m**2 - 29*m - 4511. What is w(84)?
109
Let k(h) = 4*h**3 + 60*h**2 - 10*h - 10. What is k(-15)?
140
Let f(t) = t**2 - 4253*t - 4253. What is f(-1)?
1
Let x(h) = 3*h**2 + 9*h + 6. Determine x(0).
6
Let w(g) = -2*g**2 + 79*g - 331. Give w(5).
14
Let f(h) = -1188*h + 7137. Calculate f(6).
9
Let m(f) = 8*f**2 + 139*f - 433. What is m(3)?
56
Let y(w) = -5*w**3 - 41*w**2 - 72*w + 40. Determine y(-5).
0
Let v(a) = 2*a**3 - 39*a**2 - 19*a - 26. Give v(20).
-6
Let p(o) = -o**3 - 8*o**2 + 219*o - 115. What is p(11)?
-5
Let k(u) = -5*u**2 + 466*u + 376. What is k(94)?
0
Let v(j) = -44*j - 836. What is v(-23)?
176
Let i(s) = -s**2 - 99*s + 1150. Give i(11).
-60
Let x(s) = 3*s**3 + 8*s**2 + 8*s + 14. Calculate x(-3).
-19
Let i(c) = 164*c**2 - 22*c - 23. Determine i(-1).
163
Let x(i) = 2*i**2 - 21*i - 32. Give x(15).
103
Let r(x) = 10*x**3 - 4*x**2 - 27*x - 103. What is r(-4)?
-699
Let a(w) = 6*w**3 - 18*w**2 - 7*w - 2. Determine a(4).
66
Let y(u) = u**3 + 13*u**2 - 23*u + 27. Determine y(-15).
-78
Let k(u) = u**2 + 34*u + 273. Determine k(-21).
0
Let l(m) = 17*m**3 + 49*m**2 - 3*m + 6. Determine l(-3).
-3
Let x(i) = i**3 + 11*i**2 + 156*i + 1500. Determine x(-10).
40
Let i(z) = -48*z + 5765. What is i(120)?
5
Let z(v) = v**3 - 31*v**2 - 31*v - 43. Calculate z(32).
-11
Let y(i) = -4*i - 159. Calculate y(-40).
1
Let b(o) = 2*o**3 - 107*o**2 + 564*o + 23. Calculate b(6).
-13
Let u(b) = -33*b**3 + 10*b**2 - 18*b + 7. What is u(2)?
-253
Let m(q) = 22*q**3 - 8*q**2 - 9*q - 1. Calculate m(-1).
-22
Let h(d) = -2*d**3 - 2*d**2 - 14*d - 24. Determine h(-8).
984
Let p(k) = 68*k + 264. Determine p(-4).
-8
Let r(b) = b**3 + 38*b**2 + 108*b + 1298. What is r(-36)?
2
Let m(k) = k**3 + 8*k**2 - 608*k - 34. Calculate m(21).
-13
Let h(o) = -o**2 + 41*o + 360. Determine h(-7).
24
Let x(u) = -2*u**2 + 18*u + 66. Give x(12).
-6
Let z(w) = 6*w**2 - 12*w + 4. Calculate z(2).
4
Let z(l) = -l**3 + 57*l**2 + 4*l - 233. What is z(57)?
-5
Let d(q) = -54*q + 607. Determine d(11).
13
Let n(i) = -15*i**3 - 233*i**2 - 128*i - 122. What is n(-15)?
-2
Let c(t) = -2*t**2 + 410*t - 1951. Calculate c(200).
49
Let o(l) = 3*l**2 + 516*l - 3204. Calculate o(6).
0
Let o(s) = -85*s - 420. Determine o(-6).
90
Let z(a) = a**3 + 12*a**2 - 90*a - 67. Determine z(-17).
18
Let n(b) = -241*b + 1928. Calculate n(8).
0
Let p(i) = 7*i - 157. Determine p(0).
-157
Let g(n) = -41*n + 1429. Determine g(35).
-6
Let c(x) = x**3 - 12*x**2 - 6*x + 153. Determine c(4).
1
Let a(x) = -154*x - 175. Determine a(-1).
-21
Let i(v) = 1238*v + 4958. Give i(-4).
6
Let r(b) = b**3 + 6*b**2 - 11*b - 25. What is r(-6)?
41
Let i(j) = j**3 - 16*j**2 - j + 10. Give i(7).
-438
Let n(w) = -w**3 + 29*w**2 - 39*w + 283. Calculate n(28).
-25
Let z(w) = -w**3 + 9*w**2 - 7*w - 31. Calculate z(13).
-798
Let c(k) = k**3 - 10*k**2 - 299*k + 1. What is c(-13)?
1
Let x(z) = z**3 - 69*z**2 + 128*z + 289. Calculate x(67).
-113
Let w(q) = q**2 - 42*q + 263. Determine w(10).
-57
Let r(v) = -7*v**2 - 16*v - 10. Calculate r(-5).
-105
Let h(o) = o**3 - 85*o**2 - 957*o + 667. Give h(95).
2
Let i(v) = 6*v**3 - 30*v**2 - 5*v + 4. Determine i(5).
-21
Let n(r) = 33*r - 296. What is n(13)?
133
Let i(q) = -108*q**3 + 3*q**2 - 3. Give i(1).
-108
Let r(g) = -4*g**2 - 10*g + 15. Calculate r(-5).
-35
Let r(u) = -u**2 + 136*u - 1326. What is r(125)?
49
Let k(l) = -4870*l + 6. What is k(0)?
6
Let k(h) = 131*h - 7736. Calculate k(59).
-7
Let f(o) = 22*o - 843. Determine f(37).
-29
Let j(g) = -2*g**3 - 8*g**2 + 37*g - 29. Give j(-7).
6
Let f(q) = 8*q**2 + 57*q - 613. What is f(7)?
178
Let c(n) = -n**3 + 4*n + 4. Give c(-2).
4
Let m(c) = -236*c - 6600. Determine m(-28).
8
Let w(h) = -2*h**3 - h + 181. Determine w(0).
181
Let r(x) = -x**3 - 23*x**2 - 28*x - 90. What is r(-22)?
42
Let g(r) = 4*r**2 + 46*r - 97. Give g(-13).
-19
Let h(t) = -t**2 + 601*t - 8192. Calculate h(14).
26
Let q(w) = -16*w**2 - 209*w - 12. Determine q(-13).
1
Let s(t) = t**3 - 37*t**2 + 374*t - 4128. What is s(29)?
-10
Let k(y) = 18*y + 40. Calculate k(-3).
-14
Let l(s) = -4234*s**2 + 12710*s - 2. Give l(3).
22
Let y(r) = 2632*r - 42088. What is y(16)?
24
Let j(i) = -i**3 - 145*i**2 - 685*i + 101. What is j(-5)?
26
Let z(u) = -67*u - 195. Determine z(-4).
73
Let c(t) = t**3 - 37*t**2 + 46*t - 386. Give c(36).
-26
Let d(b) = -11*b**3 - 8*b**2 - 13*b - 29. What is d(-3)?
235
Let f(j) = -j**3 - 6*j - 54. Calculate f(-4).
34
Let t(l) = 3*l**3 - 193*l**2 - 132*l + 310. Determine t(65).
180
Let y(w) = 4*w**3 - 94*w**2 - 315*w + 4. Determine y(-3).
-5
Let l(s) = 295*s + 11162. Calculate l(-38).
-48
Let x(v) = -20*v - 148. What is x(-15)?
152
Let c(r) = -r - 179. Determine c(-173).
-6
Let p(h) = -3*h - 67. What is p(-13)?
-28
Let q(u) = 31*u**3 + 4*u**2 + 12*u + 9. What is q(-1)?
-30
Let r(j) = j**2 + 5*j + 31. Determine r(0).
31
Let s(i) = i**3 - 31*i**2 - 94*i - 219. What is s(34)?
53
Let a(o) = -o**3 + o**2 + 127*o - 5. Determine a(0).
-5
Let m(j) = 148*j - 453. Give m(3).
-9
Let b(w) = 69*w**2 - 420*w - 19. Give b(6).
-55
Let t(h) = 6362*h + 50901. Give t(-8).
5
Let g(u) = -12*u - 43. What is g(6)?
-115
Let v(z) = 64*z**3 + z**2 - 6*z - 6. What is v(-1)?
-63
Let z(u) = 8*u**2 + 310*u + 1510. Give z(-5).
160
Let c(o) = 22*o**2 - 1992*o - 2937. What is c(92)?
7
Let t(d) = 2*d**3 + 180*d**2 + 352*d + 31. What is t(-88)?
31
Let v(b) = 139*b - 1841. Give v(14).
105
Let x(r) = 348*r - 22289. Determine x(64).
-17
Let b(d) = -d**3 + 8*d**2 + 12*d + 7. Determine b(-3).
70
Let b(h) = -44*h - 1455. Determine b(-33).
-3
Let q(z) = z**2 + 49*z + 638. Calculate q(-23).
40
Let t(c) = -9*c**3 - c**2 - 7. Determine t(2).
-83
Let s(v) = 264*v - 4751. Determine s(18).
1
Let d(f) = 19*f + 393. Give d(-23).
-44
Let t(z) = -16*z - 199. Give t(-16).
57
Let h(p) = -2*p**3 - 7*p**2 - 6*p - 2. Give h(-2).
-2
Let b(h) = -343*h**3 + 2*h. What is b(1)?
-341
Let p(u) = u**3 - 11*u**2 - 31*u - 12. Determine p(13).
-77
Let h(l) = -l**2 + 386*l + 2761. Give h(-7).
10
Let d(t) = t**3 - 16*t**2 + 45*t - 67. Give d(13).
11
Let g(l) = -2*l**2 - 12*l - 24. What is g(8)?
-248
Let o(u) = -u**2 + 25*u - 40. Give o(10).
110
Let k(x) = -x**2 + 4*x - 10. Give k(-4).
-42
Let n(v) = -v**3 - 63*v**2 - 51*v + 692. Calculate n(-62).
10
Let b(k) = 24*k**3 - 4*k**2 - 22*k - 47. Determine b(-2).
-211
Let k(x) = x**2 - 20*x - 5. What is k(14)?
-89
Let n(g) = -5*g**2 + 69*g - 27. Give n(6).
207
Let b(u) = 1433*u - 51570. Calculate b(36).
18
Let v(m) = -40*m + 33. Determine v(-15).
633
Let q(p) = p**2 - 38*p + 199. Calculate q(31).
-18
Let z(x) = 49*x - 3488. Give z(71).
-9
Let g(a) = -a**2 - 27*a - 89. Determine g(-4).
3
Let t(w) = 118*w + 15461. Give t(-131).
3
Let j(u) = -28*u + 439. Give j(16).
-9
Let s(n) = -2*n**2 - 316*n - 2454. Calculate s(-8).
-54
Let p(n) = -n**3 - 10*n**2 - 17*n + 52. Determine p(-6).
10
Let j(t) = -7*t**2 - 103*t + 533. Give j(4).
9
Let u(p) = 2*p**3 + 63*p**2 - 985*p + 172. Calculate u(-43).
0
Let m(w) = -544*w + 1544. What is m(3)?
-88
Let h(o) = o**3 + 13*o**2 - 22*o + 2. Calculate h(-14).
114
Let n(r) = 13*r - 1433. Give n(115).
62
Let h(f) = -596*f + 10126. Give h(17).
-6
Let b(i) = -916*i - 15. Calculate b(0).
-15
Let b(f) = f**2 - 43*f + 236. Determine b(37).
14
Let c(i) = 2*i**2 - 73*i - 301. What is c(-4)?
23
Let k(a) = -9*a**2 + 539*a + 50. What is k(60)?
-10
Let u(y) = y**2 + 1195*y + 75584. Give u(-67).
8
Let v(m) = -48*m + 419. Give v(8).
35
Let y(g) = -7*g**3 - 2*g + 3. Determine y(2).
-57
Let r(z) = -z**3 - 88*z**2 + 16*z + 1371. What is r(-88)?
-37
Let g(z) = -8*z**2 + 179*z - 1. Give g(22).
65
Let p(b) = 8*b - 73. Give p(9).
-1
Let f(x) = -9*x**3 + 3*x**2 - 3*x - 7. Calculate f(2).
-73
Let x(f) = 14*f**2 + 374*f + 371. Calculate x(-1).
11
Let z(x) = -30*x + 39. Determine z(-13).
429
Let f(t) = -35*t - 125. What is f(-8)?
155
Let z(p) = p**2 - 6042*p + 36211. What is z(6)?
-5
Let q(s) = -4*s**2 + 190*s + 567. Give q(-3).
-39
Let a(j) = -11771*j + 3. What is a(0)?
3
Let w(l) = l**3 - 140*l**2 + 167*l - 3892. Calculate w(139).
0
Let o(g) = -g**2. Calculate o(8).
-64
Let n(h) = 3065*h - 15319. Calculate n(5).
